83, 164057
List the prime factors of 131516600.
2, 5, 657583
List the prime factors of 1257807186.
2, 3, 17, 241793
What are the prime factors of 381136969?
381136969
What are the prime factors of 24058652?
2, 6014663
What are the prime factors of 4769239840?
2, 5, 17, 103141
List the prime factors of 727163184.
2, 3, 11, 131, 10513
What are the prime factors of 1147694638?
2, 37, 15509387
List the prime factors of 90424187.
7, 12917741
List the prime factors of 1906646129.
1906646129
List the prime factors of 4062203066.
2, 491, 4136663
What are the prime factors of 117353718?
2, 3, 101, 21517
List the prime factors of 879091798.
2, 13, 33811223
What are the prime factors of 4467824579?
229, 19510151
List the prime factors of 130548206.
2, 2341, 27883
What are the prime factors of 26735911?
2309, 11579
What are the prime factors of 23182207?
23182207
What are the prime factors of 541276525?
5, 3637, 5953
List the prime factors of 4005406938.
2, 3, 13, 103, 498557
List the prime factors of 58888754.
2, 523, 56299
What are the prime factors of 76977167?
76977167
What are the prime factors of 497265934?
2, 11, 23, 331, 2969
List the prime factors of 1049509233.
3, 53, 79, 27851
List the prime factors of 275374290.
2, 3, 5, 139, 66037
What are the prime factors of 661488302?
2, 2039, 162209
What are the prime factors of 24881975?
5, 23, 109, 397
List the prime factors of 1375164373.
11, 125014943
List the prime factors of 614404196.
2, 7, 53, 414019
What are the prime factors of 2282040988?
2, 61, 227, 41201
What are the prime factors of 3576614736?
2, 3, 74512807
List the prime factors of 275486219.
941, 292759
What are the prime factors of 5795288190?
2, 3, 5, 593, 108587
What are the prime factors of 550892543?
18523, 29741
List the prime factors of 219080638.
2, 7, 15648617
List the prime factors of 58908293.
58908293
What are the prime factors of 28841841?
3, 7, 9343
List the prime factors of 1033721832.
2, 3, 11, 13, 359, 839
List the prime factors of 588999629.
17, 47, 103, 421
List the prime factors of 772578208.
2, 24143069
List the prime factors of 21048594.
2, 3, 7, 501157
What are the prime factors of 227029961?
137, 1657153
List the prime factors of 120716255.
5, 11, 61, 3271
List the prime factors of 117629769.
3, 499, 78577
List the prime factors of 3562479028.
2, 3433, 259429
List the prime factors of 47020195.
5, 2081, 4519
What are the prime factors of 374619621?
3, 8243, 15149
List the prime factors of 48554671.
11, 19, 29, 8011
List the prime factors of 4273027887.
3, 211, 6750439
List the prime factors of 2703400.
2, 5, 7, 1931
What are the prime factors of 11192330?
2, 5, 19, 58907
What are the prime factors of 48964194?
2, 3, 23, 101, 1171
List the prime factors of 615957390.
2, 3, 5, 19, 29, 12421
What are the prime factors of 128761331?
128761331
What are the prime factors of 2393401532?
2, 598350383
What are the prime factors of 3617990745?
3, 5, 17, 257, 55207
What are the prime factors of 1874627096?
2, 19, 12333073
List the prime factors of 97747613.
499, 195887
What are the prime factors of 48152750?
2, 5, 192611
List the prime factors of 575203607.
11, 52291237
What are the prime factors of 90213035?
5, 11, 73, 22469
List the prime factors of 1446334721.
13, 17, 269, 24329
List the prime factors of 5135356867.
5135356867
List the prime factors of 92929994.
2, 46464997
What are the prime factors of 98185395?
3, 5, 7, 11, 85009
What are the prime factors of 30776672?
2, 127, 7573
What are the prime factors of 2324579471?
1459, 1593269
List the prime factors of 1078272099.
3, 119808011
What are the prime factors of 86042278?
2, 7, 6145877
List the prime factors of 424638637.
424638637
What are the prime factors of 263541127?
1031, 255617
What are the prime factors of 88279021?
97, 910093
List the prime factors of 6792358859.
11, 13, 29, 151, 10847
What are the prime factors of 1267397835?
3, 5, 11, 7681199
What are the prime factors of 1888558774?
2, 107, 8825041
List the prime factors of 220501311.
3, 1163, 63199
What are the prime factors of 882834876?
2, 3, 7, 11, 3217
List the prime factors of 145111764.
2, 3, 7, 1727521
What are the prime factors of 18541115?
5, 3708223
List the prime factors of 604342554.
2, 3, 17, 43, 227, 607
What are the prime factors of 32787242?
2, 43, 461, 827
What are the prime factors of 112956513?
3, 3989, 9439
What are the prime factors of 11384906?
2, 13, 437881
List the prime factors of 25146092.
2, 743, 8461
What are the prime factors of 4109317953?
3, 13, 53, 491, 4049
What are the prime factors of 7401044?
2, 7, 264323
List the prime factors of 1872254150.
2, 5, 13, 53, 54347
List the prime factors of 43655103.
3, 19, 59, 4327
List the prime factors of 680791674.
2, 3, 23, 193, 25561
List the prime factors of 304852669.
11, 29, 47, 20333
What are the prime factors of 4955038786?
2, 2477519393
What are the prime factors of 2042001465?
3, 5, 7, 31, 317, 1979
List the prime factors of 181494265.
5, 23, 109, 14479
List the prime factors of 15032924.
2, 67, 56093
List the prime factors of 27455538.
2, 3, 11, 415993
What are the prime factors of 4223668389?
3, 911, 1545433
List the prime factors of 539173950.
2, 3, 5, 7, 109, 673
What are the prime factors of 145674020?
2, 5, 17, 157, 2729
List the prime factors of 30715333.
11, 2792303
What are the prime factors of 619475682?
2, 3, 7, 17, 37, 131, 179
What are the prime factors of 180628419?
3, 613, 98221
What are the prime factors of 1275621281?
11, 5869, 19759
What are the prime factors of 279394676?
2, 11, 6349879
List the prime factors of 1213558285.
5, 242711657
List the prime factors of 5564855.
5, 1112971
What are the prime factors of 56846990?
2, 5, 5684699
List the prime factors of 30728922.
2, 3, 7, 29, 25229
List the prime factors of 305070393.
3, 101690131
List the prime factors of 7732713105.
3, 5, 13, 13218313
List the prime factors of 199032339.
3, 11, 6031283
List the prime factors of 14312187.
3, 19, 23, 1213
What are the prime factors of 69481792?
2, 47, 23099
List the prime factors of 747527938.
2, 373763969
List the prime factors of 433026636.
2, 3, 7, 349, 14771
List the prime factors of 4948467499.
4948467499
What are the prime factors of 643988409?
3, 157, 1367279
What are the prime factors of 1101300538?
2, 13, 167, 253639
List the prime factors of 29993402.
2, 149, 100649
List the prime factors of 3175925775.
3, 5, 11, 1471, 2617
What are the prime factors of 735226567?
735226567
List the prime factors of 1490875134.
2, 3, 7, 23, 89, 17341
What are the prime factors of 3725667865?
5, 347, 2147359
List the prime factors of 130775862.
2, 3, 7, 293, 10627
What are the prime factors of 1245468390?
2, 3, 5, 3449, 12037
List the prime factors of 57800875.
5, 11, 127, 331
What are the prime factors of 109916257?
11, 149, 199, 337
What are the prime factors of 1059273163?
13, 229, 355819
List the prime factors of 214575061.
229, 937009
List the prime factors of 1621510354.
2, 17, 71, 137, 4903
List the prime factors of 46817918.
2, 7, 673, 4969
What are the prime factors of 289186205?
5, 7, 11, 751133
List the prime factors of 5960841266.
2, 37, 127, 634267
What are the prime factors of 1951369078?
2, 313, 3117203
What are the prime factors of 75479863?
1163, 64901
What are the prime factors of 244380704?
2, 23, 332039
What are the prime factors of 44300958?
2, 3, 13, 567961
List the prime factors of 202746289.
101, 2007389
List the prime factors of 42479843.
7, 6068549
What are the prime factors of 25551855?
3, 5, 7, 9013
What are the prime factors of 23530666?
2, 83, 229, 619
What are the prime factors of 674333166?
2, 3, 13, 101, 85597
List the prime factors of 52229867.
52229867
What are the prime factors of 83834911?
29, 367, 7877
What are the prime factors of 175676512?
2, 11, 59, 769
List the prime factors of 99328228.
2, 24832057
What are the prime factors of 1105702972?
2, 11, 601, 41813
What are the prime factors of 1989458259?
3, 11027, 60139
List the prime factors of 634957471.
634957471
What are the prime factors of 155825611?
37, 83, 50741
List the prime factors of 4986075.
3, 5, 19, 3499
What are the prime factors of 196593261?
3, 65531087
List the prime factors of 359881214.
2, 7, 11, 181, 12911
Wha